{"id":1299,"date":"2015-06-04T11:33:16","date_gmt":"2015-06-04T10:33:16","guid":{"rendered":"http:\/\/menreva.com\/?page_id=1299"},"modified":"2020-04-08T16:06:37","modified_gmt":"2020-04-08T15:06:37","slug":"services","status":"publish","type":"page","link":"https:\/\/menreva.com\/?page_id=1299","title":{"rendered":"Prestations"},"content":{"rendered":"<p><section data-parallax-background-speed=\"5\"  class=\"fw-main-row-custom fw-main-row-top fw-section-no-padding  fw_theme_bg_fw-custom fw-section-image auto fw-content-vertical-align-middle parallax-section fw-section-position-back tf-sh-a50fcf30975d89d8b40fcd3fdfca85c7\"  style=\" background-image:url(\/\/menreva.com\/wp-content\/uploads\/2016\/07\/Image-26-05-2016-at-19.16.jpg); background-repeat: no-repeat; background-position: center center; background-size: auto;\"  >\n\t\t<div class=\"fw-main-row-overlay fw_theme_bg_color_1\" style=\"opacity: 0.07;\"><\/div>\t<div class=\"fw-container-fluid\" >\n\t\t<div class=\"fw-row\">\n\t<div id=\"column-69e15f94a5a81\" class=\"fw-col-sm-12 tf-sh-0058226f30f48a5ded6b7cd3aebd6332\" >\n\t<div class=\"fw-wrap-col-inner clearfix  \"   >\n\t\t\t\t<div class=\"fw-col-inner\">\n\t\t\t<div class=\"fw-heading fw-heading-center  fw-heading-with-subtitle tf-sh-f0818e111f1d3d07946d8fce953bc7ce\" >\n\t\t\t<h1 class=\"fw-special-title\">Nos capacit\u00e9s d'interventions<\/h1>\n\t\n\t\n\t\t\t<div class=\"fw-special-subtitle\">Une approche pragmatique des sujets dans le secteur des Services Financiers<\/div>\n\t<\/div>\t\t<\/div>\n\t<\/div>\n<\/div><\/div>\n\n\t<\/div>\n\t<\/section><section   class=\"fw-main-row-custom  auto  fw-section-position-back tf-sh-a49554b319f7032fba3cca72a0d9bb17\"    >\n\t\t\t<div class=\"fw-container\" >\n\t\t<div class=\"fw-row\">\n\t<div id=\"column-69e15f94a60c1\" class=\"fw-col-sm-6 tf-sh-bd205a19257e8fc6aac86bcdd85dfd47\" >\n\t<div class=\"fw-wrap-col-inner clearfix  \"   >\n\t\t\t\t<div class=\"fw-col-inner\">\n\t\t\t<div class=\"fw-iconbox clearfix tf-sh-9b831ba4adbb513afdcaf04a2a5ba364 fw-iconbox-2    bg-none \" >\n\t<div class=\"fw-iconbox-image \" style=\"\">\n\t\t\t\t\t<i class=\"fa fa-group\" style=\"color:#ee5c34;\"><\/i>\n\t\t\t<\/div>\n\n\t<div class=\"fw-iconbox-aside\">\n\t\t\t\t\t<div class=\"fw-iconbox-title\">\n\t\t\t\t<h4>D\u00e9finition de strat\u00e9gies op\u00e9rationnelles et partenariats<\/h4>\n\t\t\t<\/div>\n\t\t\n\t\t\t\t\t<div class=\"fw-iconbox-text\">\n\t\t\t\t<ul><li>R\u00e9flexion sur le portefeuille d'activit\u00e9s strat\u00e9giques<\/li><li>Contribution \u00e0&nbsp;la&nbsp;&nbsp;rationalisation de structures - s\u00e9paration - montage de partenariats<\/li><li>D\u00e9finition de mod\u00e8les op\u00e9rationnels et \u00e9conomiques cibles (Clients, Op\u00e9rations, Donn\u00e9es, IT, Finance, Tax, RH)<\/li><li>D\u00e9finition de la gouvernance de&nbsp;la gestion multicanal<\/li><\/ul>\t\t\t<\/div>\n\t\t\n\t\t\t<\/div>\n<\/div>\t\t<\/div>\n\t<\/div>\n<\/div><div id=\"column-69e15f94a6549\" class=\"fw-col-sm-6 tf-sh-fe64dd907a85648ef3a32277fcc146ea\" >\n\t<div class=\"fw-wrap-col-inner clearfix  \"   >\n\t\t\t\t<div class=\"fw-col-inner\">\n\t\t\t<div class=\"fw-iconbox clearfix tf-sh-77d5ded5ce75a001f685f104b035fe0a fw-iconbox-2    bg-none \" >\n\t<div class=\"fw-iconbox-image \" style=\"\">\n\t\t\t\t\t<i class=\"fa fa-user-plus\" style=\"color:#ee5c34;\"><\/i>\n\t\t\t<\/div>\n\n\t<div class=\"fw-iconbox-aside\">\n\t\t\t\t\t<div class=\"fw-iconbox-title\">\n\t\t\t\t<h4>Analyse de portefeuille clients<\/h4>\n\t\t\t<\/div>\n\t\t\n\t\t\t\t\t<div class=\"fw-iconbox-text\">\n\t\t\t\t<ul><li>Analyse du portefeuille clients et de\u00a0la segmentation par typologies<\/li><li>Revue des parcours clients existants et inflexions \u00e0 mettre en \u0153uvre dans une perspective multicanal<\/li><li>Revue de la tarification des produits\/ services<\/li><li>Exploitation des bases de donn\u00e9es commerciales (attrition, fraude, cross selling,\u2026) et d\u00e9finition des tableaux de bord commerciaux de suivi<\/li><\/ul>\t\t\t<\/div>\n\t\t\n\t\t\t<\/div>\n<\/div>\t\t<\/div>\n\t<\/div>\n<\/div><\/div>\n\n<div class=\"fw-row\">\n\t<div id=\"column-69e15f94a682e\" class=\"fw-col-sm-12 fw-mobile-hide-element tf-sh-862eced044f948430717ec0f0fdb57f9\" >\n\t<div class=\"fw-wrap-col-inner clearfix  \"   >\n\t\t\t\t<div class=\"fw-col-inner\">\n\t\t\t\t<div  class=\"fw-divider tf-sh-44690936bb449923512e2999b77ef305  fw-divider-align-left fw-divider-full-width fw-line-solid fw-divider-line  \"  style=\"width: auto; padding-top:20px; margin-bottom:27px; border-color:#f5f4f4;\" ><\/div>\n\t\t<\/div>\n\t<\/div>\n<\/div><\/div>\n\n<div class=\"fw-row\">\n\t<div id=\"column-69e15f94a6c88\" class=\"fw-col-sm-6 tf-sh-1a2379e25b813c332c043be9c6909dbb\" >\n\t<div class=\"fw-wrap-col-inner clearfix  \"   >\n\t\t\t\t<div class=\"fw-col-inner\">\n\t\t\t<div class=\"fw-iconbox clearfix tf-sh-202d0030b059336f5c7e3386ae44461a fw-iconbox-2    bg-none \" >\n\t<div class=\"fw-iconbox-image \" style=\"\">\n\t\t\t\t\t<i class=\"fa fa-gears\" style=\"color:#ee5c34;\"><\/i>\n\t\t\t<\/div>\n\n\t<div class=\"fw-iconbox-aside\">\n\t\t\t\t\t<div class=\"fw-iconbox-title\">\n\t\t\t\t<h5>Efficacit\u00e9 op\u00e9rationnelle<\/h5>\n\t\t\t<\/div>\n\t\t\n\t\t\t\t\t<div class=\"fw-iconbox-text\">\n\t\t\t\t<ul><li>Rationalisation des back-offices :<ul><li>Construction des sc\u00e9narii de rationalisation (gestion client, gestion des sinistres, service supports\u2026)<\/li><li>Structuration de la feuille de route et des chantiers, accompagnement de la mise en \u0153uvre (gestion projet, conduite du changement)<\/li><\/ul><\/li><li>Co-pilotage de programmes SI-Donn\u00e9es :<ul><li>Recadrage de grands projets, animation des relations MOA\/MOE\u2026<\/li><li>Assistance \u00e0 toute les phases d\u2019un projet (AMOA)<\/li><\/ul><\/li><\/ul>\t\t\t<\/div>\n\t\t\n\t\t\t<\/div>\n<\/div>\t\t<\/div>\n\t<\/div>\n<\/div><div id=\"column-69e15f94a6ec6\" class=\"fw-col-sm-6 tf-sh-39a18972db8115a81202b82d8d5d0f05\" >\n\t<div class=\"fw-wrap-col-inner clearfix  \"   >\n\t\t\t\t<div class=\"fw-col-inner\">\n\t\t\t<div class=\"fw-iconbox clearfix tf-sh-f5c9dcdc1e4ab7189d8248b606ecf158 fw-iconbox-2    bg-none \" >\n\t<div class=\"fw-iconbox-image \" style=\"\">\n\t\t\t\t\t<i class=\"fa fa-dashboard\" style=\"color:#ee5c34;\"><\/i>\n\t\t\t<\/div>\n\n\t<div class=\"fw-iconbox-aside\">\n\t\t\t\t\t<div class=\"fw-iconbox-title\">\n\t\t\t\t<h5>Pilotage des activit\u00e9s et optimisation des co\u00fbts<\/h5>\n\t\t\t<\/div>\n\t\t\n\t\t\t\t\t<div class=\"fw-iconbox-text\">\n\t\t\t\t<ul><li>D\u00e9finition et am\u00e9lioration du pilotage de vos activit\u00e9s<\/li><li>Contribution \u00e0 la formalisation des business plans et budgets<\/li><li>Construction des\u00a0mod\u00e8les de co\u00fbts et des principes de facturation des prestations au sein d'un groupe<\/li><li>Assistance \u00e0 la mise en \u0153uvre des fonctions cl\u00e9s SII (gestion des risques, fonction actuarielle, conformit\u00e9, audit interne) et int\u00e9gration dans l\u2019organisation<\/li><li>Accompagnement dans la mise en \u0153uvre de l\u2019ORSA<\/li><\/ul>\t\t\t<\/div>\n\t\t\n\t\t\t<\/div>\n<\/div>\t\t<\/div>\n\t<\/div>\n<\/div><\/div>\n\n\t<\/div>\n\t<\/section><section   class=\"fw-main-row-custom  fw_theme_bg_fw-custom fw-section-image fw-section-height-md  fw-section-position-back tf-sh-86003bab03ba00d2c1e4a849140b39a6\"  style=\" background-image:url(\/\/menreva.com\/wp-content\/uploads\/2016\/07\/Image-26-05-2016-at-19.16.jpg); background-repeat: no-repeat; background-position: center center; background-size: cover;\"  >\n\t\t\t<div class=\"fw-container\" >\n\t\t<div class=\"fw-row\">\n\t<div id=\"column-69e15f94a735b\" class=\"fw-col-sm-12 tf-sh-5d77327373e295bdb13af06741be6c03\" >\n\t<div class=\"fw-wrap-col-inner clearfix  \"   >\n\t\t\t\t<div class=\"fw-col-inner\">\n\t\t\t<div class=\"fw-heading fw-heading-center  tf-sh-7c010b1dce203c4bf8f382c698276910\" >\n\t\t\t<h3 class=\"fw-special-title\">Les soci\u00e9t\u00e9s qui nous ont fait confiance...<\/h3>\n\t\n\t\n\t<\/div>\t\t<\/div>\n\t<\/div>\n<\/div><\/div>\n\n<div class=\"fw-row\">\n\t<div id=\"column-69e15f94a7594\" class=\"fw-col-sm-12 tf-sh-5d77327373e295bdb13af06741be6c03\" >\n\t<div class=\"fw-wrap-col-inner clearfix  \"   >\n\t\t\t\t<div class=\"fw-col-inner\">\n\t\t\t\n\t\t\t<!-- START Logos Clients REVOLUTION SLIDER 6.1.8 --><p class=\"rs-p-wp-fix\"><\/p>\n\t\t\t<rs-module-wrap id=\"rev_slider_2_1_wrapper\" data-source=\"gallery\" style=\"background:transparent;padding:0;margin:0px auto;margin-top:0;margin-bottom:0;max-width:\">\n\t\t\t\t<rs-module id=\"rev_slider_2_1\" class=\" rs-ov-hidden\" style=\"display:none;\" data-version=\"6.1.8\">\n\t\t\t\t\t<rs-slides>\n\t\t\t\t\t\t<rs-slide data-key=\"rs-5\" data-title=\"Slide 1\" data-thumb=\"\/\/menreva.com\/wp-content\/uploads\/2015\/05\/Logo-5.png\" data-duration=\"4000ms\" data-anim=\"ei:d;eo:d;s:1000ms;r:0;t:slideright;sl:d;\">\n\t\t\t\t\t\t\t<img loading=\"lazy\" decoding=\"async\" src=\"\/\/menreva.com\/wp-content\/plugins\/revslider\/public\/assets\/assets\/transparent.png\" width=\"1920\" height=\"1080\" class=\"rev-slidebg\" data-no-retina>\n<!--\n\t\t\t\t\t\t\t--><rs-layer\n\t\t\t\t\t\t\t\tid=\"slider-2-slide-5-layer-2\" \n\t\t\t\t\t\t\t\tdata-type=\"image\"\n\t\t\t\t\t\t\t\tdata-rsp_ch=\"on\"\n\t\t\t\t\t\t\t\tdata-xy=\"x:c;\"\n\t\t\t\t\t\t\t\tdata-text=\"l:22;\"\n\t\t\t\t\t\t\t\tdata-dim=\"w:956px;h:81px;\"\n\t\t\t\t\t\t\t\tdata-frame_0=\"x:-50;\"\n\t\t\t\t\t\t\t\tdata-frame_1=\"sp:1000;\"\n\t\t\t\t\t\t\t\tdata-frame_999=\"x:50;o:0;e:Power1.easeIn;st:3810;sp:700;sR:2810;\"\n\t\t\t\t\t\t\t\tdata-tloop=\"r:1;\"\n\t\t\t\t\t\t\t\tstyle=\"z-index:5;\"\n\t\t\t\t\t\t\t><img loading=\"lazy\" decoding=\"async\" src=\"\/\/menreva.com\/wp-content\/uploads\/2016\/08\/Ref-1.png\" width=\"1471\" height=\"153\" data-no-retina> \n\t\t\t\t\t\t\t<\/rs-layer><!--\n-->\t\t\t\t\t\t<\/rs-slide>\n\t\t\t\t\t\t<rs-slide data-key=\"rs-31\" data-title=\"Slide 2\" data-duration=\"4000ms\" data-anim=\"ei:d;eo:d;s:d;r:0;t:slideleft;sl:d;\">\n\t\t\t\t\t\t\t<img decoding=\"async\" src=\"\/\/menreva.com\/wp-content\/plugins\/revslider\/public\/assets\/assets\/transparent.png\" title=\"Prestations\" class=\"rev-slidebg\" data-no-retina>\n<!--\n\t\t\t\t\t\t\t--><rs-layer\n\t\t\t\t\t\t\t\tid=\"slider-2-slide-31-layer-1\" \n\t\t\t\t\t\t\t\tdata-type=\"image\"\n\t\t\t\t\t\t\t\tdata-rsp_ch=\"on\"\n\t\t\t\t\t\t\t\tdata-xy=\"x:c;\"\n\t\t\t\t\t\t\t\tdata-text=\"l:22;\"\n\t\t\t\t\t\t\t\tdata-dim=\"w:959px;h:70px;\"\n\t\t\t\t\t\t\t\tdata-frame_0=\"x:-50;\"\n\t\t\t\t\t\t\t\tdata-frame_1=\"sp:1000;\"\n\t\t\t\t\t\t\t\tdata-frame_999=\"x:50;o:0;e:Power1.easeIn;st:3810;sp:700;sR:2610;\"\n\t\t\t\t\t\t\t\tstyle=\"z-index:8;\"\n\t\t\t\t\t\t\t><img loading=\"lazy\" decoding=\"async\" src=\"\/\/menreva.com\/wp-content\/uploads\/2016\/08\/Ref-2.png\" width=\"1494\" height=\"106\" data-no-retina> \n\t\t\t\t\t\t\t<\/rs-layer><!--\n-->\t\t\t\t\t\t<\/rs-slide>\n\t\t\t\t\t<\/rs-slides>\n\t\t\t\t\t<rs-progress class=\"rs-bottom\" style=\"visibility: hidden !important;\"><\/rs-progress>\n\t\t\t\t<\/rs-module>\n\t\t\t\t<script type=\"text\/javascript\">\n\t\t\t\t\tsetREVStartSize({c: 'rev_slider_2_1',rl:[1240,1024,778,480],el:[200],gw:[960],gh:[200],type:'standard',justify:'',layout:'fullwidth',mh:\"0\"});\n\t\t\t\t\tvar\trevapi2,\n\t\t\t\t\t\ttpj;\n\t\t\t\t\tjQuery(function() {\n\t\t\t\t\t\ttpj = jQuery;\n\t\t\t\t\t\tif(tpj(\"#rev_slider_2_1\").revolution == undefined){\n\t\t\t\t\t\t\trevslider_showDoubleJqueryError(\"#rev_slider_2_1\");\n\t\t\t\t\t\t}else{\n\t\t\t\t\t\t\trevapi2 = tpj(\"#rev_slider_2_1\").show().revolution({\n\t\t\t\t\t\t\t\tjsFileLocation:\"\/\/menreva.com\/wp-content\/plugins\/revslider\/public\/assets\/js\/\",\n\t\t\t\t\t\t\t\tduration:\"4000ms\",\n\t\t\t\t\t\t\t\tvisibilityLevels:\"1240,1024,778,480\",\n\t\t\t\t\t\t\t\tgridwidth:960,\n\t\t\t\t\t\t\t\tgridheight:200,\n\t\t\t\t\t\t\t\tautoHeight:true,\n\t\t\t\t\t\t\t\tspinner:\"spinner0\",\n\t\t\t\t\t\t\t\teditorheight:\"200,768,960,720\",\n\t\t\t\t\t\t\t\tresponsiveLevels:\"1240,1024,778,480\",\n\t\t\t\t\t\t\t\tdisableProgressBar:\"on\",\n\t\t\t\t\t\t\t\tstartWithSlide:1,\n\t\t\t\t\t\t\t\tnavigation: {\n\t\t\t\t\t\t\t\t\tkeyboardNavigation:true,\n\t\t\t\t\t\t\t\t\tmouseScrollNavigation:\"on\",\n\t\t\t\t\t\t\t\t\tonHoverStop:false,\n\t\t\t\t\t\t\t\t\ttouch: {\n\t\t\t\t\t\t\t\t\t\ttouchenabled:true\n\t\t\t\t\t\t\t\t\t},\n\t\t\t\t\t\t\t\t\tbullets: {\n\t\t\t\t\t\t\t\t\t\tenable:true,\n\t\t\t\t\t\t\t\t\t\ttmp:\"<span class=\\\"tp-bullet-image\\\"><\/span>\",\n\t\t\t\t\t\t\t\t\t\tstyle:\"hebe\",\n\t\t\t\t\t\t\t\t\t\thide_onleave:true,\n\t\t\t\t\t\t\t\t\t\tv_offset:30,\n\t\t\t\t\t\t\t\t\t\tspace:10,\n\t\t\t\t\t\t\t\t\t\tcontainer:\"layergrid\"\n\t\t\t\t\t\t\t\t\t}\n\t\t\t\t\t\t\t\t},\n\t\t\t\t\t\t\t\tfallbacks: {\n\t\t\t\t\t\t\t\t\tallowHTML5AutoPlayOnAndroid:true\n\t\t\t\t\t\t\t\t},\n\t\t\t\t\t\t\t});\n\t\t\t\t\t\t}\n\t\t\t\t\t\t\n\t\t\t\t\t});\n\t\t\t\t<\/script>\n\t\t\t\t<script>\n\t\t\t\t\tvar htmlDivCss = unescape(\"%0A%23rev_slider_2_1_wrapper%20.hebe.tp-bullets%3Abefore%20%7B%0A%20%20content%3A%27%20%27%3B%0A%20%20position%3Aabsolute%3B%0A%20%20width%3A100%25%3B%0A%20%20height%3A100%25%3B%0A%20%20background%3Atransparent%3B%0A%20%20padding%3A10px%3B%0A%20%20margin-left%3A-10px%3Bmargin-top%3A-10px%3B%0A%20%20box-sizing%3Acontent-box%3B%0A%7D%0A%0A%23rev_slider_2_1_wrapper%20.hebe%20.tp-bullet%20%7B%0A%20%20width%3A3px%3B%0A%20%20height%3A3px%3B%0A%20%20position%3Aabsolute%3B%0A%20%20background%3A%23ffffff%3B%20%20%0A%20%20cursor%3A%20pointer%3B%0A%20%20border%3A5px%20solid%20%23000000%3B%0A%20%20border-radius%3A50%25%3B%0A%20%20box-sizing%3Acontent-box%3B%0A%20%20-webkit-perspective%3A400%3B%0A%20%20perspective%3A400%3B%0A%20%20-webkit-transform%3Atranslatez%280.01px%29%3B%0A%20%20transform%3Atranslatez%280.01px%29%3B%0A%20%20%20transition%3Aall%200.3s%3B%0A%7D%0A%23rev_slider_2_1_wrapper%20.hebe%20.tp-bullet%3Ahover%2C%0A%23rev_slider_2_1_wrapper%20.hebe%20.tp-bullet.selected%20%7B%0A%20%20background%3A%23000000%3B%0A%20%20border-color%3A%23ffffff%3B%0A%7D%0A%0A%23rev_slider_2_1_wrapper%20.hebe%20.tp-bullet-image%20%7B%0A%20%20position%3Aabsolute%3B%0A%20%20width%3A70px%3B%0A%20%20height%3A70px%3B%0A%20%20background-position%3Acenter%20center%3B%0A%20%20background-size%3Acover%3B%0A%20%20visibility%3Ahidden%3B%0A%20%20opacity%3A0%3B%0A%20%20bottom%3A3px%3B%0A%20%20transition%3Aall%200.3s%3B%0A%20%20-webkit-transform-style%3Aflat%3B%0A%20%20transform-style%3Aflat%3B%0A%20%20perspective%3A600%3B%0A%20%20-webkit-perspective%3A600%3B%0A%20%20transform%3A%20scale%280%29%20translateX%28-50%25%29%20translateY%280%25%29%3B%0A%20%20-webkit-transform%3A%20scale%280%29%20translateX%28-50%25%29%20translateY%280%25%29%3B%0A%20%20transform-origin%3A0%25%20100%25%3B%0A%20%20-webkit-transform-origin%3A0%25%20100%25%3B%0A%20%20margin-bottom%3A15px%3B%0A%20border-radius%3A6px%3B%0A%7D%0A%23rev_slider_2_1_wrapper%20.hebe%20.tp-bullet%3Ahover%20.tp-bullet-image%20%7B%0A%20%20display%3Ablock%3B%0A%20%20opacity%3A1%3B%0A%20%20transform%3A%20scale%281%29%20translateX%28-50%25%29%20translateY%280%25%29%3B%0A%20%20-webkit-transform%3A%20scale%281%29%20translateX%28-50%25%29%20translateY%280%25%29%3B%0A%20%20visibility%3Avisible%3B%0A%7D%0A%0A%0A%2F%2A%20VERTICAL%20%2A%2F%0A%0A%23rev_slider_2_1_wrapper%20.hebe.nav-dir-vertical%20.tp-bullet-image%20%7B%0A%20%20bottom%3Aauto%3B%0A%20%20margin-right%3A15px%3B%0A%20%20margin-bottom%3A0px%3B%0A%20%20right%3A3px%3B%0A%20%20transform%3A%20scale%280%29%20translateX%280px%29%20translateY%28-50%25%29%3B%0A%20%20-webkit-transform%3A%20scale%280%29%20translateX%280px%29%20translateY%28-50%25%29%3B%0A%20%20transform-origin%3A100%25%200%25%3B%0A%20%20-webkit-transform-origin%3A100%25%200%25%3B%0A%7D%0A%0A%23rev_slider_2_1_wrapper%20.hebe.nav-dir-vertical%20.tp-bullet%3Ahover%20.tp-bullet-image%20%7B%0A%20%20transform%3A%20scale%281%29%20translateX%280px%29%20translateY%28-50%25%29%3B%0A%20%20-webkit-transform%3A%20scale%281%29%20translateX%280px%29%20translateY%28-50%25%29%3B%0A%7D%0A%0A%2F%2A%20VERTICAL%20LEFT%20%2A%2F%0A%0A%23rev_slider_2_1_wrapper%20.hebe.nav-dir-vertical.nav-pos-hor-left%20.tp-bullet-image%20%7B%0A%20%20bottom%3Aauto%3B%0A%20%20margin-left%3A15px%3B%0A%20%20margin-bottom%3A0px%3B%0A%20%20left%3A3px%3B%0A%20%20transform%3A%20scale%280%29%20translateX%280px%29%20translateY%28-50%25%29%3B%0A%20%20-webkit-transform%3A%20scale%280%29%20translateX%280px%29%20translateY%28-50%25%29%3B%0A%20%20transform-origin%3A0%25%200%25%3B%0A%20%20-webkit-transform-origin%3A0%25%200%25%3B%0A%7D%0A%0A%23rev_slider_2_1_wrapper%20.hebe.nav-dir-vertical.nav-pos-hor-left%20.tp-bullet%3Ahover%20.tp-bullet-image%20%7B%0A%20%20transform%3A%20scale%281%29%20translateX%280px%29%20translateY%28-50%25%29%3B%0A%20%20-webkit-transform%3A%20scale%281%29%20translateX%280px%29%20translateY%28-50%25%29%3B%0A%7D%0A%0A%2F%2A%20HORIZONTAL%20TOP%20%2A%2F%0A%23rev_slider_2_1_wrapper%20.hebe.nav-pos-ver-top.nav-dir-horizontal%20.tp-bullet-image%20%7B%0A%20%20bottom%3Aauto%3B%0A%20%20top%3A3px%3B%0A%20%20transform%3A%20scale%280%29%20translateX%28-50%25%29%20translateY%280%25%29%3B%0A%20%20-webkit-transform%3A%20scale%280%29%20translateX%28-50%25%29%20translateY%280%25%29%3B%0A%20%20transform-origin%3A0%25%200%25%3B%0A%20%20-webkit-transform-origin%3A0%25%200%25%3B%0A%20%20margin-top%3A15px%3B%0A%20%20margin-bottom%3A0px%3B%20%20%0A%7D%0A%23rev_slider_2_1_wrapper%20.hebe.nav-pos-ver-top.nav-dir-horizontal%20.tp-bullet%3Ahover%20.tp-bullet-image%20%7B%0A%20%20transform%3A%20scale%281%29%20translateX%28-50%25%29%20translateY%280%25%29%3B%0A%20%20-webkit-transform%3A%20scale%281%29%20translateX%28-50%25%29%20translateY%280%25%29%3B%0A%7D%0A\");\n\t\t\t\t\tvar htmlDiv = document.getElementById('rs-plugin-settings-inline-css');\n\t\t\t\t\tif(htmlDiv) {\n\t\t\t\t\t\thtmlDiv.innerHTML = htmlDiv.innerHTML + htmlDivCss;\n\t\t\t\t\t}else{\n\t\t\t\t\t\tvar htmlDiv = document.createElement('div');\n\t\t\t\t\t\thtmlDiv.innerHTML = '<style>' + htmlDivCss + '<\/style>';\n\t\t\t\t\t\tdocument.getElementsByTagName('head')[0].appendChild(htmlDiv.childNodes[0]);\n\t\t\t\t\t}\n\t\t\t\t<\/script>\n\t\t\t\t<script>\n\t\t\t\t\tvar htmlDivCss = unescape(\"%23rev_slider_2_1%5Bdata-slideactive%3D%22rs-5%22%5D%20.hebe%20.tp-bullet%7B%0Abackground%3A%20%23ffffff%20%21important%3B%0Aborder%3A%205px%20solid%20%23000000%20%21important%3B%0A%7D%0A%23rev_slider_2_1%5Bdata-slideactive%3D%22rs-5%22%5D%20.hebe%20.tp-bullet%3Ahover%2C%0A%23rev_slider_2_1%5Bdata-slideactive%3D%22rs-5%22%5D%20.hebe%20.tp-bullet.selected%7B%0Aborder-color%3A%20%23ffffff%20%21important%3B%0Abackground%3A%20%23000000%20%21important%3B%0A%7D%0A%0A%0A\");\n\t\t\t\t\tvar htmlDiv = document.getElementById('rs-plugin-settings-inline-css');\n\t\t\t\t\tif(htmlDiv) {\n\t\t\t\t\t\thtmlDiv.innerHTML = htmlDiv.innerHTML + htmlDivCss;\n\t\t\t\t\t}else{\n\t\t\t\t\t\tvar htmlDiv = document.createElement('div');\n\t\t\t\t\t\thtmlDiv.innerHTML = '<style>' + htmlDivCss + '<\/style>';\n\t\t\t\t\t\tdocument.getElementsByTagName('head')[0].appendChild(htmlDiv.childNodes[0]);\n\t\t\t\t\t}\n\t\t\t\t<\/script>\n\t\t\t<\/rs-module-wrap>\n\t\t\t<!-- END REVOLUTION SLIDER -->\n\t\t<\/div>\n\t<\/div>\n<\/div><\/div>\n\n\t<\/div>\n\t<\/section><section   class=\"fw-main-row-custom  auto  fw-desktop-hide-element fw-tablet-landscape-hide-element fw-tablet-hide-element fw-mobile-hide-element fw-section-position-back tf-sh-9ce684851e41dbba8db18d6d0d5d9d16\"    >\n\t\t\t<div class=\"fw-container\" >\n\t\t<div class=\"fw-row\">\n\t<div id=\"column-69e15f94aa5df\" class=\"fw-col-sm-12 tf-sh-5d77327373e295bdb13af06741be6c03\" >\n\t<div class=\"fw-wrap-col-inner clearfix  \"   >\n\t\t\t\t<div class=\"fw-col-inner\">\n\t\t\t<div class=\"fw-testimonials fw-testimonials-1 tf-sh-13a68e735858893ee7655787683d07ba  hide-slider\" >\n\t\t\t<h3 class=\"fw-testimonials-title\">What our clients think of us<\/h3>\n\t\n<div class=\"fw-testimonials-list\" id=\"testimonials-13a68e735858893ee7655787683d07ba\"\n     data-show-in-slider=\"yes\"\n     data-timeoutDuration=\"5000\"\n     data-animation=\"crossfade\"\n     data-play=\"true\">\n\t\t\t\t<div class=\"fw-testimonials-item clearfix\">\n\t\t\t\t\t\t\t\t\t<div class=\"fw-testimonials-text\">\n\t\t\t\t\t\t<p>Wisi possit mei at, falli maiestatis liberavisse eos ex. Vis id erat solum exerci, id quo nonumy aliquam vituperatoribus. Ne agam suscipiantur sed, in sed graeco delicatissimi. Qui an zril menandri comprehensam, modus philosophia definitionem ut eos. Ne agam suscipiantur sed. In condimentum facilisis porta. Sed nec diam eu diam mattis viverra. Nulla fringilla, orci ac.<\/p>\t\t\t\t\t<\/div>\n\t\t\t\t\t\t\t\t<div class=\"fw-testimonials-meta\">\n\t\t\t\t\t\t\t\t\t\t\t<div class=\"fw-testimonials-avatar\">\n\t\t\t\t\t\t\t<div class=\"fw-testimonials-avatar-img fw-ratio-container fw-ratio-1 \" style=\" width: 90px; height: 90px;\">\n\t\t\t\t\t\t\t\t<img decoding=\"async\" src=\"\/\/menreva.com\/wp-content\/uploads\/2015\/05\/Testi_1.jpg\" alt=\"\" \/>\t\t\t\t\t\t\t<\/div>\n\t\t\t\t\t\t<\/div>\n\t\t\t\t\t\n\t\t\t\t\t<div class=\"fw-testimonials-author\">\n\t\t\t\t\t\t<span class=\"author-name\">Jennifer Crown<\/span>\n\t\t\t\t\t\t\t\t\t\t\t\t\t<em class=\"author-job\">Cashier<\/em>\n\t\t\t\t\t\t\t\t\t\t\t\t\t\t\t\t\t\t\t<span class=\"fw-testimonials-url\">\n\t\t\t\t\t\t\t\t<a target=\"_blank\" href=\"\">Wallmart<\/a>\n\t\t\t\t\t\t\t<\/span>\n\t\t\t\t\t\t\n\t\t\t\t\t\t\t\t\t\t\t<\/div>\n\t\t\t\t<\/div>\n\t\t\t<\/div>\n\t\t\t\t\t<div class=\"fw-testimonials-item clearfix\">\n\t\t\t\t\t\t\t\t\t<div class=\"fw-testimonials-text\">\n\t\t\t\t\t\t<p>Ferri posidonium ea nec. Assentior temporibus eum no, ea qui omnes ignota prompta, usu possim evertitur ex. No nominati ocurreret per, mei habemus efficiantur no. Erat tractatos te quo, falli mollis denique eu duo, qui eu illud omittam mnesarchum. Cu volutpat evertitur est. In condimentum facilisis porta. Sed nec diam eu diam mattis viverra. Nulla fringilla, orci ac.<\/p>\t\t\t\t\t<\/div>\n\t\t\t\t\t\t\t\t<div class=\"fw-testimonials-meta\">\n\t\t\t\t\t\t\t\t\t\t\t<div class=\"fw-testimonials-avatar\">\n\t\t\t\t\t\t\t<div class=\"fw-testimonials-avatar-img fw-ratio-container fw-ratio-1 \" style=\" width: 90px; height: 90px;\">\n\t\t\t\t\t\t\t\t<img decoding=\"async\" src=\"\/\/menreva.com\/wp-content\/uploads\/2015\/05\/Testi_4.jpg\" alt=\"\" \/>\t\t\t\t\t\t\t<\/div>\n\t\t\t\t\t\t<\/div>\n\t\t\t\t\t\n\t\t\t\t\t<div class=\"fw-testimonials-author\">\n\t\t\t\t\t\t<span class=\"author-name\">Darwin Cliffson<\/span>\n\t\t\t\t\t\t\t\t\t\t\t\t\t<em class=\"author-job\">Assistent Manager<\/em>\n\t\t\t\t\t\t\t\t\t\t\t\t\t\t\t\t\t\t\t<span class=\"fw-testimonials-url\">\n\t\t\t\t\t\t\t\t<a target=\"_blank\" href=\"http:\/\/www.DarwinCliffson.com\">Bryan &amp; Theresa Co.<\/a>\n\t\t\t\t\t\t\t<\/span>\n\t\t\t\t\t\t\n\t\t\t\t\t\t\t\t\t\t\t<\/div>\n\t\t\t\t<\/div>\n\t\t\t<\/div>\n\t\t\t\t\t<div class=\"fw-testimonials-item clearfix\">\n\t\t\t\t\t\t\t\t\t<div class=\"fw-testimonials-text\">\n\t\t\t\t\t\t<p>Est ne petentium deseruisse, et mutat primis consequuntur cum, sed eu sumo laudem corpora. Verear indoctum similique vim in. Duo tation invenire ut, mel mandamus facilisis at. Exerci quodsi graecis sea no, pro ei oratio aperiri, ne affert graecis sit. Ea duis essent persecuti sed. In condimentum facilisis porta. Sed nec diam eu diam mattis viverra. Nulla fringilla, orci ac.<\/p>\t\t\t\t\t<\/div>\n\t\t\t\t\t\t\t\t<div class=\"fw-testimonials-meta\">\n\t\t\t\t\t\t\t\t\t\t\t<div class=\"fw-testimonials-avatar\">\n\t\t\t\t\t\t\t<div class=\"fw-testimonials-avatar-img fw-ratio-container fw-ratio-1 \" style=\" width: 90px; height: 90px;\">\n\t\t\t\t\t\t\t\t<img decoding=\"async\" src=\"\/\/menreva.com\/wp-content\/uploads\/2015\/05\/Testi_3.jpg\" alt=\"\" \/>\t\t\t\t\t\t\t<\/div>\n\t\t\t\t\t\t<\/div>\n\t\t\t\t\t\n\t\t\t\t\t<div class=\"fw-testimonials-author\">\n\t\t\t\t\t\t<span class=\"author-name\">Karen Bronson<\/span>\n\t\t\t\t\t\t\t\t\t\t\t\t\t<em class=\"author-job\">Model<\/em>\n\t\t\t\t\t\t\t\t\t\t\t\t\t\t\t\t\t\t\t<span class=\"fw-testimonials-url\">\n\t\t\t\t\t\t\t\t<a target=\"_blank\" href=\"http:\/\/www.KarenBronson.com\">Glamour Salon<\/a>\n\t\t\t\t\t\t\t<\/span>\n\t\t\t\t\t\t\n\t\t\t\t\t\t\t\t\t\t\t<\/div>\n\t\t\t\t<\/div>\n\t\t\t<\/div>\n\t\t\t<\/div>\n\n\t<div class=\"fw-testimonials-arrows\">\n\t\t<a class=\"prev\" id=\"testimonials-13a68e735858893ee7655787683d07ba-prev\" href=\"#\"><i class=\"fa\"><\/i><\/a>\n\t\t<a class=\"next\" id=\"testimonials-13a68e735858893ee7655787683d07ba-next\" href=\"#\"><i class=\"fa\"><\/i><\/a>\n\t<\/div>\n\n<div class=\"fw-testimonials-pagination\" id=\"testimonials-13a68e735858893ee7655787683d07ba-controls\"><\/div>\n<\/div>\t\t<\/div>\n\t<\/div>\n<\/div><\/div>\n\n\t<\/div>\n\t<\/section><\/p>\n","protected":false},"excerpt":{"rendered":"<p>Nos capacit\u00e9s d&rsquo;interventions Une approche pragmatique des sujets dans le secteur des Services Financiers D\u00e9finition de strat\u00e9gies op\u00e9rationnelles et partenariats R\u00e9flexion sur le portefeuille d&rsquo;activit\u00e9s strat\u00e9giquesContribution \u00e0&nbsp;la&nbsp;&nbsp;rationalisation de structures &#8211; s\u00e9paration &#8211; montage de partenariatsD\u00e9finition de mod\u00e8les op\u00e9rationnels et \u00e9conomiques cibles (Clients, Op\u00e9rations, Donn\u00e9es, IT, Finance, Tax, RH)D\u00e9finition de la gouvernance de&nbsp;la gestion multicanal Analyse [&hellip;]<\/p>\n","protected":false},"author":1,"featured_media":0,"parent":0,"menu_order":0,"comment_status":"closed","ping_status":"closed","template":"visual-builder-template.php","meta":{"_monsterinsights_skip_tracking":false,"_monsterinsights_sitenote_active":false,"_monsterinsights_sitenote_note":"","_monsterinsights_sitenote_category":0,"footnotes":""},"class_list":["post-1299","page","type-page","status-publish","hentry"],"aioseo_notices":[],"_links":{"self":[{"href":"https:\/\/menreva.com\/index.php?rest_route=\/wp\/v2\/pages\/1299","targetHints":{"allow":["GET"]}}],"collection":[{"href":"https:\/\/menreva.com\/index.php?rest_route=\/wp\/v2\/pages"}],"about":[{"href":"https:\/\/menreva.com\/index.php?rest_route=\/wp\/v2\/types\/page"}],"author":[{"embeddable":true,"href":"https:\/\/menreva.com\/index.php?rest_route=\/wp\/v2\/users\/1"}],"replies":[{"embeddable":true,"href":"https:\/\/menreva.com\/index.php?rest_route=%2Fwp%2Fv2%2Fcomments&post=1299"}],"version-history":[{"count":5,"href":"https:\/\/menreva.com\/index.php?rest_route=\/wp\/v2\/pages\/1299\/revisions"}],"predecessor-version":[{"id":3918,"href":"https:\/\/menreva.com\/index.php?rest_route=\/wp\/v2\/pages\/1299\/revisions\/3918"}],"wp:attachment":[{"href":"https:\/\/menreva.com\/index.php?rest_route=%2Fwp%2Fv2%2Fmedia&parent=1299"}],"curies":[{"name":"wp","href":"https:\/\/api.w.org\/{rel}","templated":true}]}}