{"id":272,"date":"2015-05-20T12:04:08","date_gmt":"2015-05-20T11:04:08","guid":{"rendered":"http:\/\/menreva.com\/?page_id=272"},"modified":"2016-11-23T09:49:44","modified_gmt":"2016-11-23T08:49:44","slug":"news-events","status":"publish","type":"page","link":"https:\/\/menreva.com\/?page_id=272","title":{"rendered":"Missions &#038; Projets"},"content":{"rendered":"<p><section data-parallax-background-speed=\"5\"  class=\"fw-main-row-custom fw-main-row-top fw-section-no-padding  fw_theme_bg_fw-custom fw-section-image auto fw-content-vertical-align-middle parallax-section fw-section-position-back tf-sh-4227292625d7bcedf38bf90c4f28e8e8\"  style=\" background-image:url(\/\/menreva.com\/wp-content\/uploads\/2016\/07\/Image-26-05-2016-at-19.16.jpg); background-repeat: no-repeat; background-position: center center; background-size: auto;\"  >\n\t\t<div class=\"fw-main-row-overlay fw_theme_bg_color_1\" style=\"opacity: 0.1;\"><\/div>\t<div class=\"fw-container-fluid\" >\n\t\t<div class=\"fw-row\">\n\t<div id=\"column-69e1608b4459f\" class=\"fw-col-sm-12 tf-sh-27d934736df424d0d540306568ccae2f\" >\n\t<div class=\"fw-wrap-col-inner clearfix  \"   >\n\t\t\t\t<div class=\"fw-col-inner\">\n\t\t\t<div class=\"fw-heading fw-heading-center  fw-heading-with-subtitle tf-sh-e0095bd9f79158b7393254d3af89c32b\" >\n\t\t\t<h1 class=\"fw-special-title\">Exemples de r\u00e9alisations<\/h1>\n\t\n\t\n\t\t\t<div class=\"fw-special-subtitle\">Au cours des derni\u00e8res ann\u00e9es<\/div>\n\t<\/div>\t\t<\/div>\n\t<\/div>\n<\/div><\/div>\n\n\t<\/div>\n\t<\/section><section   class=\"fw-main-row-custom  auto  fw-section-position-back tf-sh-1296087966dd03c63bd06e3855be8a74\"    >\n\t\t\t<div class=\"fw-container\" >\n\t\t<div class=\"fw-row\">\n\t<div id=\"column-69e1608b44c7e\" class=\"fw-col-sm-4 tf-sh-c0d427d5f7bf03a350c2fbe559ef06d6  fw-animated-element\" data-animation-type=\"fadeInUp\" data-animation-delay=\"300\">\n\t<div class=\"fw-wrap-col-inner clearfix  \"   >\n\t\t\t\t<div class=\"fw-col-inner\">\n\t\t\t\n\t\n\t\t<div class=\"fw-block-image-parent  \"  style=\"width: 100%; \">\n\t\t\t<span class=\"fw-block-image-child fw-ratio-3-2 fw-ratio-container\">\n\t\t\t\t<noscript itemscope itemtype=\"https:\/\/schema.org\/ImageObject\" itemprop=\"image\"><img decoding=\"async\" src=\"https:\/\/menreva.com\/wp-content\/uploads\/2016\/07\/mains-assistance.jpg\"  alt=\"mains assistance\" data-maxdpr=\"1.7\" class=\"lazyload\" \/><meta itemprop=\"url\" content=\"https:\/\/menreva.com\/wp-content\/uploads\/2016\/07\/mains-assistance.jpg\"><meta itemprop=\"width\" content=\"4928\"><meta itemprop=\"height\" content=\"3264\"><\/noscript><img decoding=\"async\" src=\"data:image\/gif;base64,R0lGODlhAQABAIAAAAAAAP\/\/\/yH5BAEAAAAALAAAAAABAAEAAAIBRAA7\" data-sizes=\"auto\" data-srcset=\"https:\/\/menreva.com\/wp-content\/uploads\/2016\/07\/mains-assistance-300x199.jpg 300w, https:\/\/menreva.com\/wp-content\/uploads\/2016\/07\/mains-assistance-768x509.jpg 768w, https:\/\/menreva.com\/wp-content\/uploads\/2016\/07\/mains-assistance-1024x678.jpg 1024w, https:\/\/menreva.com\/wp-content\/uploads\/2016\/07\/mains-assistance-600x400.jpg 600w, https:\/\/menreva.com\/wp-content\/uploads\/2016\/07\/mains-assistance-1200x800.jpg 1200w, https:\/\/menreva.com\/wp-content\/uploads\/2016\/07\/mains-assistance.jpg 4928w\"   alt=\"mains assistance\" data-maxdpr=\"1.7\" class=\"lazyload\" \/>\t\t\t\t\t\t\t<\/span>\n\t\t<\/div>\n\n\t\n\t<div class=\"fw-imagebox clearfix fw-imagebox-1 tf-sh-a2936389e59e14da21eefdac3ba2bb0b text-left   \"  style=\"\">\n\t\t\t\t\n\t<div class=\"fw-imagebox-aside\" style=\"padding-top:30px;\">\n\t\t\t\t\t<div class=\"fw-imagebox-title-wrap\">\n\t\t\t\t\t\t\t\t\t<h5 class=\"fw-imagebox-title\">Mutuelle Sant\u00e9<\/h5>\n\t\t\t\t\n\t\t\t\t\t\t\t\t\t<h4 class=\"fw-imagebox-subtitle\">Pr\u00e9paration du repositionnement de l'activit\u00e9<\/h4>\n\t\t\t\t\t\t\t<\/div>\n\t\t\n\t\t\t\t\t<div class=\"fw-imagebox-text\">\n\t\t\t\t<p>La demande du client portait sur :<\/p><ul><li>L'\u00e9valuation du positionnement et les facteurs de diff\u00e9renciation,<\/li><li>La cartographier des diff\u00e9rents segments de march\u00e9 et de l\u2019environnement concurrentiel,<\/li><li>L'identification&nbsp;des scenarii d\u2019\u00e9volution.<\/li><\/ul>\t\t\t<\/div>\n\t\t\n\t\t\t<\/div>\n\t<\/div>\n\t\t<\/div>\n\t<\/div>\n<\/div><div id=\"column-69e1608b464f9\" class=\"fw-col-sm-4 tf-sh-aa99d0f63e63e8218fb1c09678a77665  fw-animated-element\" data-animation-type=\"fadeInUp\" data-animation-delay=\"200\">\n\t<div class=\"fw-wrap-col-inner clearfix  \"   >\n\t\t\t\t<div class=\"fw-col-inner\">\n\t\t\t\n\t\n\t\t<div class=\"fw-block-image-parent  \"  style=\"width: 100%; \">\n\t\t\t<span class=\"fw-block-image-child fw-ratio-3-2 fw-ratio-container\">\n\t\t\t\t<noscript itemscope itemtype=\"https:\/\/schema.org\/ImageObject\" itemprop=\"image\"><img decoding=\"async\" src=\"https:\/\/menreva.com\/wp-content\/uploads\/2016\/07\/Int\u00e9rieur-Maison.jpg\"  alt=\"Int\u00e9rieur Maison\" data-maxdpr=\"1.7\" class=\"lazyload\" \/><meta itemprop=\"url\" content=\"https:\/\/menreva.com\/wp-content\/uploads\/2016\/07\/Int\u00e9rieur-Maison.jpg\"><meta itemprop=\"width\" content=\"2500\"><meta itemprop=\"height\" content=\"1667\"><\/noscript><img decoding=\"async\" src=\"data:image\/gif;base64,R0lGODlhAQABAIAAAAAAAP\/\/\/yH5BAEAAAAALAAAAAABAAEAAAIBRAA7\" data-sizes=\"auto\" data-srcset=\"https:\/\/menreva.com\/wp-content\/uploads\/2016\/07\/Int\u00e9rieur-Maison-300x200.jpg 300w, https:\/\/menreva.com\/wp-content\/uploads\/2016\/07\/Int\u00e9rieur-Maison-768x512.jpg 768w, https:\/\/menreva.com\/wp-content\/uploads\/2016\/07\/Int\u00e9rieur-Maison-1024x683.jpg 1024w, https:\/\/menreva.com\/wp-content\/uploads\/2016\/07\/Int\u00e9rieur-Maison-600x400.jpg 600w, https:\/\/menreva.com\/wp-content\/uploads\/2016\/07\/Int\u00e9rieur-Maison-1200x800.jpg 1200w, https:\/\/menreva.com\/wp-content\/uploads\/2016\/07\/Int\u00e9rieur-Maison.jpg 2500w\"   alt=\"Int\u00e9rieur Maison\" data-maxdpr=\"1.7\" class=\"lazyload\" \/>\t\t\t\t\t\t\t<\/span>\n\t\t<\/div>\n\n\t\n\t<div class=\"fw-imagebox clearfix fw-imagebox-1 tf-sh-8eaccd9416ae950e2148c3d5821807dc text-left   \"  style=\"\">\n\t\t\t\t\n\t<div class=\"fw-imagebox-aside\" style=\"padding-top:30px;\">\n\t\t\t\t\t<div class=\"fw-imagebox-title-wrap\">\n\t\t\t\t\t\t\t\t\t<h5 class=\"fw-imagebox-title\">Structure d\u2019Assistance Habitation<\/h5>\n\t\t\t\t\n\t\t\t\t\t\t\t\t\t<h4 class=\"fw-imagebox-subtitle\">Revue strat\u00e9gique de l'entit\u00e9 <\/h4>\n\t\t\t\t\t\t\t<\/div>\n\t\t\n\t\t\t\t\t<div class=\"fw-imagebox-text\">\n\t\t\t\t<p>Un diagnostic et un plan d'actions autour des &nbsp; th\u00e8mes :<\/p><ul><li>Gouvernance,<\/li><li>Climat social,<\/li><li>Processus et syst\u00e8mes de gestion,<\/li><li>R\u00e9seau des prestataires.<\/li><\/ul><p>&nbsp;<\/p>\t\t\t<\/div>\n\t\t\n\t\t\t<\/div>\n\t<\/div>\n\t\t<\/div>\n\t<\/div>\n<\/div><div id=\"column-69e1608b46edc\" class=\"fw-col-sm-4 tf-sh-3295474213d9ac7cffad99998f100523  fw-animated-element\" data-animation-type=\"fadeInUp\" data-animation-delay=\"400\">\n\t<div class=\"fw-wrap-col-inner clearfix  \"   >\n\t\t\t\t<div class=\"fw-col-inner\">\n\t\t\t\n\t\n\t\t<div class=\"fw-block-image-parent  \"  style=\"width: 100%; \">\n\t\t\t<span class=\"fw-block-image-child fw-ratio-3-2 fw-ratio-container\">\n\t\t\t\t<noscript itemscope itemtype=\"https:\/\/schema.org\/ImageObject\" itemprop=\"image\"><img decoding=\"async\" src=\"https:\/\/menreva.com\/wp-content\/uploads\/2016\/07\/Louvre.jpg\"  alt=\"Louvre\" data-maxdpr=\"1.7\" class=\"lazyload\" \/><meta itemprop=\"url\" content=\"https:\/\/menreva.com\/wp-content\/uploads\/2016\/07\/Louvre.jpg\"><meta itemprop=\"width\" content=\"5184\"><meta itemprop=\"height\" content=\"3456\"><\/noscript><img decoding=\"async\" src=\"data:image\/gif;base64,R0lGODlhAQABAIAAAAAAAP\/\/\/yH5BAEAAAAALAAAAAABAAEAAAIBRAA7\" data-sizes=\"auto\" data-srcset=\"https:\/\/menreva.com\/wp-content\/uploads\/2016\/07\/Louvre-300x200.jpg 300w, https:\/\/menreva.com\/wp-content\/uploads\/2016\/07\/Louvre-768x512.jpg 768w, https:\/\/menreva.com\/wp-content\/uploads\/2016\/07\/Louvre-1024x683.jpg 1024w, https:\/\/menreva.com\/wp-content\/uploads\/2016\/07\/Louvre-600x400.jpg 600w, https:\/\/menreva.com\/wp-content\/uploads\/2016\/07\/Louvre-1200x800.jpg 1200w, https:\/\/menreva.com\/wp-content\/uploads\/2016\/07\/Louvre.jpg 5184w\"   alt=\"Louvre\" data-maxdpr=\"1.7\" class=\"lazyload\" \/>\t\t\t\t\t\t\t<\/span>\n\t\t<\/div>\n\n\t\n\t<div class=\"fw-imagebox clearfix fw-imagebox-1 tf-sh-cb02c35ff099d0cf6b7d882fac417daa text-left   \"  style=\"\">\n\t\t\t\t\n\t<div class=\"fw-imagebox-aside\" style=\"padding-top:30px;\">\n\t\t\t\t\t<div class=\"fw-imagebox-title-wrap\">\n\t\t\t\t\t\t\t\t\t<h5 class=\"fw-imagebox-title\">Groupe d'Assistance<\/h5>\n\t\t\t\t\n\t\t\t\t\t\t\t\t\t<h4 class=\"fw-imagebox-subtitle\">Revue du processus de tarification des prestations<\/h4>\n\t\t\t\t\t\t\t<\/div>\n\t\t\n\t\t\t\t\t<div class=\"fw-imagebox-text\">\n\t\t\t\t<ul><li>Analyser et challenger le processus de tarification actuel<\/li><li>Viabiliser les donn\u00e9es sources<\/li><li>Identifier des leviers d\u2019am\u00e9lioration inh\u00e9rents au mod\u00e8le et proposer un plan d'\u00e9volution.<\/li><\/ul>\t\t\t<\/div>\n\t\t\n\t\t\t<\/div>\n\t<\/div>\n\t\t<\/div>\n\t<\/div>\n<\/div><\/div>\n\n<div class=\"fw-row\">\n\t<div id=\"column-69e1608b478c2\" class=\"fw-col-sm-4 tf-sh-8e3e38647b134e842eb1fdb9b0662932  fw-animated-element\" data-animation-type=\"fadeInUp\" data-animation-delay=\"300\">\n\t<div class=\"fw-wrap-col-inner clearfix  \"   >\n\t\t\t\t<div class=\"fw-col-inner\">\n\t\t\t<div class=\"text-center\">\t<a href=\"https:\/\/menreva.com\/?p=3076\" target=\"_self\" class=\"fw-btn tf-sh-2c03cac39a5e72c6d7f348cfc03157aa  fw-btn-md   fw-btn-1\"  style=\"\">\n\t\t<span >\n\t\t\tEn Savoir Plus\t\t<\/span>\n\t<\/a>\n<\/div>\t\t<\/div>\n\t<\/div>\n<\/div><div id=\"column-69e1608b47c3e\" class=\"fw-col-sm-4 tf-sh-aba4ac8d4173cba035b3e1914cd40980  fw-animated-element\" data-animation-type=\"fadeInUp\" data-animation-delay=\"200\">\n\t<div class=\"fw-wrap-col-inner clearfix  \"   >\n\t\t\t\t<div class=\"fw-col-inner\">\n\t\t\t<div class=\"text-center\">\t<a href=\"https:\/\/menreva.com\/?p=3081\" target=\"_self\" class=\"fw-btn tf-sh-ca5f3d03ef387e93388a42200d525954  fw-btn-md   fw-btn-1\"  style=\"\">\n\t\t<span >\n\t\t\tEn Savoir Plus\t\t<\/span>\n\t<\/a>\n<\/div>\t\t<\/div>\n\t<\/div>\n<\/div><div id=\"column-69e1608b47e12\" class=\"fw-col-sm-4 tf-sh-4192638dd54b62bb52247f2860edcc69  fw-animated-element\" data-animation-type=\"fadeInUp\" data-animation-delay=\"400\">\n\t<div class=\"fw-wrap-col-inner clearfix  \"   >\n\t\t\t\t<div class=\"fw-col-inner\">\n\t\t\t<div class=\"text-center\">\t<a href=\"https:\/\/menreva.com\/?p=3385\" target=\"_self\" class=\"fw-btn tf-sh-3aca9d327e03baa724096cfb0cb1cfba  fw-btn-md   fw-btn-1\"  style=\"\">\n\t\t<span >\n\t\t\tEn Savoir Plus\t\t<\/span>\n\t<\/a>\n<\/div>\t\t<\/div>\n\t<\/div>\n<\/div><\/div>\n\n<div class=\"fw-row\">\n\t<div id=\"column-69e1608b4807a\" class=\"fw-col-sm-12 tf-sh-6d099e75a18091496519fb36a4e92716\" >\n\t<div class=\"fw-wrap-col-inner clearfix  \"   >\n\t\t\t\t<div class=\"fw-col-inner\">\n\t\t\t<div class=\"fw-divider-space space-md  clearfix\"  ><\/div>\t\t<\/div>\n\t<\/div>\n<\/div><\/div>\n\n<div class=\"fw-row\">\n\t<div id=\"column-69e1608b4842f\" class=\"fw-col-sm-4 tf-sh-97b166179ae6cd708fd3e983f27bd6aa  fw-animated-element\" data-animation-type=\"fadeInUp\" data-animation-delay=\"300\">\n\t<div class=\"fw-wrap-col-inner clearfix  \"   >\n\t\t\t\t<div class=\"fw-col-inner\">\n\t\t\t\n\t\n\t\t<div class=\"fw-block-image-parent  \"  style=\"width: 100%; \">\n\t\t\t<span class=\"fw-block-image-child fw-ratio-3-2 fw-ratio-container\">\n\t\t\t\t<noscript itemscope itemtype=\"https:\/\/schema.org\/ImageObject\" itemprop=\"image\"><img decoding=\"async\" src=\"https:\/\/menreva.com\/wp-content\/uploads\/2016\/08\/women-1209678_1280.jpg\"  alt=\"women-1209678_1280\" data-maxdpr=\"1.7\" class=\"lazyload\" \/><meta itemprop=\"url\" content=\"https:\/\/menreva.com\/wp-content\/uploads\/2016\/08\/women-1209678_1280.jpg\"><meta itemprop=\"width\" content=\"1280\"><meta itemprop=\"height\" content=\"853\"><\/noscript><img decoding=\"async\" src=\"data:image\/gif;base64,R0lGODlhAQABAIAAAAAAAP\/\/\/yH5BAEAAAAALAAAAAABAAEAAAIBRAA7\" data-sizes=\"auto\" data-srcset=\"https:\/\/menreva.com\/wp-content\/uploads\/2016\/08\/women-1209678_1280-300x200.jpg 300w, https:\/\/menreva.com\/wp-content\/uploads\/2016\/08\/women-1209678_1280-768x512.jpg 768w, https:\/\/menreva.com\/wp-content\/uploads\/2016\/08\/women-1209678_1280-1024x682.jpg 1024w, https:\/\/menreva.com\/wp-content\/uploads\/2016\/08\/women-1209678_1280-600x400.jpg 600w, https:\/\/menreva.com\/wp-content\/uploads\/2016\/08\/women-1209678_1280-1200x800.jpg 1200w, https:\/\/menreva.com\/wp-content\/uploads\/2016\/08\/women-1209678_1280.jpg 1280w\"   alt=\"women-1209678_1280\" data-maxdpr=\"1.7\" class=\"lazyload\" \/>\t\t\t\t\t\t\t<\/span>\n\t\t<\/div>\n\n\t\n\t<div class=\"fw-imagebox clearfix fw-imagebox-1 tf-sh-e071862edeb00df483e1035e89cb6516 text-left   \"  style=\"\">\n\t\t\t\t\n\t<div class=\"fw-imagebox-aside\" style=\"padding-top:30px;\">\n\t\t\t\t\t<div class=\"fw-imagebox-title-wrap\">\n\t\t\t\t\t\t\t\t\t<h5 class=\"fw-imagebox-title\">Courtier en ligne Sant\u00e9 Pr\u00e9voyance<\/h5>\n\t\t\t\t\n\t\t\t\t\t\t\t\t\t<h4 class=\"fw-imagebox-subtitle\">Ma\u00eetrise des flux d'activit\u00e9 de gestion<\/h4>\n\t\t\t\t\t\t\t<\/div>\n\t\t\n\t\t\t\t\t<div class=\"fw-imagebox-text\">\n\t\t\t\t<ul><li>Revue des processus de gestion : de la gestion des adh\u00e9sions \u00e0 la gestion des prestations et des encaissements,<\/li><li>Identification de leviers d\u2019optimisation sur l'ensemble de la cha\u00eene de valeur,<\/li><li>D\u00e9finition des indicateurs de pilotage de l'activit\u00e9 permettant de suivre de mani\u00e8re concert\u00e9e, avec le prestataire gestionnaire,&nbsp;l'ensemble de l'activit\u00e9.<\/li><\/ul>\t\t\t<\/div>\n\t\t\n\t\t\t<\/div>\n\t<\/div>\n\t\t<\/div>\n\t<\/div>\n<\/div><div id=\"column-69e1608b48c84\" class=\"fw-col-sm-4 tf-sh-9829b92c292971a00a8579193e62375d  fw-animated-element\" data-animation-type=\"fadeInUp\" data-animation-delay=\"400\">\n\t<div class=\"fw-wrap-col-inner clearfix  \"   >\n\t\t\t\t<div class=\"fw-col-inner\">\n\t\t\t\n\t\n\t\t<div class=\"fw-block-image-parent  \"  style=\"width: 100%; \">\n\t\t\t<span class=\"fw-block-image-child fw-ratio-3-2 fw-ratio-container\">\n\t\t\t\t<noscript itemscope itemtype=\"https:\/\/schema.org\/ImageObject\" itemprop=\"image\"><img decoding=\"async\" src=\"https:\/\/menreva.com\/wp-content\/uploads\/2016\/07\/ordinateur.jpg\"  alt=\"ordinateur\" data-maxdpr=\"1.7\" class=\"lazyload\" \/><meta itemprop=\"url\" content=\"https:\/\/menreva.com\/wp-content\/uploads\/2016\/07\/ordinateur.jpg\"><meta itemprop=\"width\" content=\"5472\"><meta itemprop=\"height\" content=\"3648\"><\/noscript><img decoding=\"async\" src=\"data:image\/gif;base64,R0lGODlhAQABAIAAAAAAAP\/\/\/yH5BAEAAAAALAAAAAABAAEAAAIBRAA7\" data-sizes=\"auto\" data-srcset=\"https:\/\/menreva.com\/wp-content\/uploads\/2016\/07\/ordinateur-300x200.jpg 300w, https:\/\/menreva.com\/wp-content\/uploads\/2016\/07\/ordinateur-768x512.jpg 768w, https:\/\/menreva.com\/wp-content\/uploads\/2016\/07\/ordinateur-1024x683.jpg 1024w, https:\/\/menreva.com\/wp-content\/uploads\/2016\/07\/ordinateur-600x400.jpg 600w, https:\/\/menreva.com\/wp-content\/uploads\/2016\/07\/ordinateur-1200x800.jpg 1200w, https:\/\/menreva.com\/wp-content\/uploads\/2016\/07\/ordinateur.jpg 5472w\"   alt=\"ordinateur\" data-maxdpr=\"1.7\" class=\"lazyload\" \/>\t\t\t\t\t\t\t<\/span>\n\t\t<\/div>\n\n\t\n\t<div class=\"fw-imagebox clearfix fw-imagebox-1 tf-sh-a03db29e8be4196f2bfb97e583130b22 text-left   \"  style=\"\">\n\t\t\t\t\n\t<div class=\"fw-imagebox-aside\" style=\"padding-top:30px;\">\n\t\t\t\t\t<div class=\"fw-imagebox-title-wrap\">\n\t\t\t\t\t\t\t\t\t<h5 class=\"fw-imagebox-title\">Groupe d'Assurance Mutuelle<\/h5>\n\t\t\t\t\n\t\t\t\t\t\t\t\t\t<h4 class=\"fw-imagebox-subtitle\">Mise en oeuvre d'un mod\u00e8le d\u2019allocation des co\u00fbts<\/h4>\n\t\t\t\t\t\t\t<\/div>\n\t\t\n\t\t\t\t\t<div class=\"fw-imagebox-text\">\n\t\t\t\t<ul><li>Mise \u00e0 plat du syst\u00e8me d'allocation et de refacturation existant<\/li><li>\u00c9laboration d'une m\u00e9canique de co\u00fbts par activit\u00e9s et destinations int\u00e9grant les r\u00e9gions<\/li><li>D\u00e9ploiement au sein des diff\u00e9rentes entit\u00e9s du Groupe<\/li><\/ul>\t\t\t<\/div>\n\t\t\n\t\t\t<\/div>\n\t<\/div>\n\t\t<\/div>\n\t<\/div>\n<\/div><div id=\"column-69e1608b49554\" class=\"fw-col-sm-4 tf-sh-94297f3bd137da8017b6a89cd0570a45  fw-animated-element\" data-animation-type=\"fadeInUp\" data-animation-delay=\"400\">\n\t<div class=\"fw-wrap-col-inner clearfix  \"   >\n\t\t\t\t<div class=\"fw-col-inner\">\n\t\t\t\n\t\n\t\t<div class=\"fw-block-image-parent  \"  style=\"width: 100%; \">\n\t\t\t<span class=\"fw-block-image-child fw-ratio-3-2 fw-ratio-container\">\n\t\t\t\t<noscript itemscope itemtype=\"https:\/\/schema.org\/ImageObject\" itemprop=\"image\"><img decoding=\"async\" src=\"https:\/\/menreva.com\/wp-content\/uploads\/2016\/07\/Vue-bulding-site.jpg\"  alt=\"Vue bulding site\" data-maxdpr=\"1.7\" class=\"lazyload\" \/><meta itemprop=\"url\" content=\"https:\/\/menreva.com\/wp-content\/uploads\/2016\/07\/Vue-bulding-site.jpg\"><meta itemprop=\"width\" content=\"5616\"><meta itemprop=\"height\" content=\"3744\"><\/noscript><img decoding=\"async\" src=\"data:image\/gif;base64,R0lGODlhAQABAIAAAAAAAP\/\/\/yH5BAEAAAAALAAAAAABAAEAAAIBRAA7\" data-sizes=\"auto\" data-srcset=\"https:\/\/menreva.com\/wp-content\/uploads\/2016\/07\/Vue-bulding-site-300x200.jpg 300w, https:\/\/menreva.com\/wp-content\/uploads\/2016\/07\/Vue-bulding-site-768x512.jpg 768w, https:\/\/menreva.com\/wp-content\/uploads\/2016\/07\/Vue-bulding-site-1024x683.jpg 1024w, https:\/\/menreva.com\/wp-content\/uploads\/2016\/07\/Vue-bulding-site-600x400.jpg 600w, https:\/\/menreva.com\/wp-content\/uploads\/2016\/07\/Vue-bulding-site-1200x800.jpg 1200w, https:\/\/menreva.com\/wp-content\/uploads\/2016\/07\/Vue-bulding-site.jpg 5616w\"   alt=\"Vue bulding site\" data-maxdpr=\"1.7\" class=\"lazyload\" \/>\t\t\t\t\t\t\t<\/span>\n\t\t<\/div>\n\n\t\n\t<div class=\"fw-imagebox clearfix fw-imagebox-1 tf-sh-af34acd4b21816d047c02985aa5b108d text-left   \"  style=\"\">\n\t\t\t\t\n\t<div class=\"fw-imagebox-aside\" style=\"padding-top:30px;\">\n\t\t\t\t\t<div class=\"fw-imagebox-title-wrap\">\n\t\t\t\t\t\t\t\t\t<h5 class=\"fw-imagebox-title\">Groupe d'Assurance<\/h5>\n\t\t\t\t\n\t\t\t\t\t\t\t\t\t<h4 class=\"fw-imagebox-subtitle\">Structuration du projet r\u00e9glementaire Solvabilit\u00e9 II<\/h4>\n\t\t\t\t\t\t\t<\/div>\n\t\t\n\t\t\t\t\t<div class=\"fw-imagebox-text\">\n\t\t\t\t<p>Mise en \u0153uvre des processus et outils n\u00e9cessaires \u00e0\u00a0Solvabilit\u00e9 II :<\/p><ul><li>Analyse des processus techniques, ALM et comptables impact\u00e9s par la directive,<\/li><li>Plan d\u2019\u00e9volution des organisations et des instances impact\u00e9es par la directive,<\/li><li>Trajectoire et macro-planning des projets informatiques et organisationnels \u00e0 mettre en oeuvre.<\/li><\/ul>\t\t\t<\/div>\n\t\t\n\t\t\t<\/div>\n\t<\/div>\n\t\t<\/div>\n\t<\/div>\n<\/div><\/div>\n\n<div class=\"fw-row\">\n\t<div id=\"column-69e1608b49e84\" class=\"fw-col-sm-4 fw-mobile-hide-element tf-sh-792557c230ce10b434272307f7d0558e  fw-animated-element\" data-animation-type=\"fadeInUp\" data-animation-delay=\"400\">\n\t<div class=\"fw-wrap-col-inner clearfix  \"   >\n\t\t\t\t<div class=\"fw-col-inner\">\n\t\t\t<div class=\"text-center\">\t<a href=\"https:\/\/menreva.com\/?p=3436\" target=\"_self\" class=\"fw-btn tf-sh-e8ab02d3ee354624c3d8368c609d5290  fw-btn-md   fw-btn-1\"  style=\"\">\n\t\t<span >\n\t\t\tEn Savoir Plus\t\t<\/span>\n\t<\/a>\n<\/div>\t\t<\/div>\n\t<\/div>\n<\/div><div id=\"column-69e1608b4a04b\" class=\"fw-col-sm-4 fw-mobile-hide-element tf-sh-22f3fa93081ff0aa078792edb251db64  fw-animated-element\" data-animation-type=\"fadeInUp\" data-animation-delay=\"400\">\n\t<div class=\"fw-wrap-col-inner clearfix  \"   >\n\t\t\t\t<div class=\"fw-col-inner\">\n\t\t\t<div class=\"text-center\">\t<a href=\"https:\/\/menreva.com\/?p=3457\" target=\"_self\" class=\"fw-btn tf-sh-cdf98670a7d72c887cf430e224a3ca62  fw-btn-md   fw-btn-1\"  style=\"\">\n\t\t<span >\n\t\t\tEn Savoir Plus\t\t<\/span>\n\t<\/a>\n<\/div>\t\t<\/div>\n\t<\/div>\n<\/div><div id=\"column-69e1608b4a1fb\" class=\"fw-col-sm-4 fw-mobile-hide-element tf-sh-5f25a201c7c853bd0fb221bc19bd090a  fw-animated-element\" data-animation-type=\"fadeInUp\" data-animation-delay=\"400\">\n\t<div class=\"fw-wrap-col-inner clearfix  \"   >\n\t\t\t\t<div class=\"fw-col-inner\">\n\t\t\t<div class=\"text-center\">\t<a href=\"https:\/\/menreva.com\/?p=3467\" target=\"_self\" class=\"fw-btn tf-sh-aada2525f21ae806974f58f6df9c4368  fw-btn-md   fw-btn-1\"  style=\"\">\n\t\t<span >\n\t\t\tEn Savoir Plus\t\t<\/span>\n\t<\/a>\n<\/div>\t\t<\/div>\n\t<\/div>\n<\/div><\/div>\n\n\t<\/div>\n\t<\/section><\/p>\n","protected":false},"excerpt":{"rendered":"<p>Exemples de r\u00e9alisations Au cours des derni\u00e8res ann\u00e9es Mutuelle Sant\u00e9 Pr\u00e9paration du repositionnement de l&rsquo;activit\u00e9 La demande du client portait sur :L&rsquo;\u00e9valuation du positionnement et les facteurs de diff\u00e9renciation,La cartographier des diff\u00e9rents segments de march\u00e9 et de l\u2019environnement concurrentiel,L&rsquo;identification&nbsp;des scenarii d\u2019\u00e9volution. Structure d\u2019Assistance Habitation Revue strat\u00e9gique de l&rsquo;entit\u00e9 Un diagnostic et un plan d&rsquo;actions autour [&hellip;]<\/p>\n","protected":false},"author":1,"featured_media":0,"parent":0,"menu_order":0,"comment_status":"closed","ping_status":"closed","template":"visual-builder-template.php","meta":{"_monsterinsights_skip_tracking":false,"_monsterinsights_sitenote_active":false,"_monsterinsights_sitenote_note":"","_monsterinsights_sitenote_category":0,"footnotes":""},"class_list":["post-272","page","type-page","status-publish","hentry"],"aioseo_notices":[],"_links":{"self":[{"href":"https:\/\/menreva.com\/index.php?rest_route=\/wp\/v2\/pages\/272","targetHints":{"allow":["GET"]}}],"collection":[{"href":"https:\/\/menreva.com\/index.php?rest_route=\/wp\/v2\/pages"}],"about":[{"href":"https:\/\/menreva.com\/index.php?rest_route=\/wp\/v2\/types\/page"}],"author":[{"embeddable":true,"href":"https:\/\/menreva.com\/index.php?rest_route=\/wp\/v2\/users\/1"}],"replies":[{"embeddable":true,"href":"https:\/\/menreva.com\/index.php?rest_route=%2Fwp%2Fv2%2Fcomments&post=272"}],"version-history":[{"count":5,"href":"https:\/\/menreva.com\/index.php?rest_route=\/wp\/v2\/pages\/272\/revisions"}],"predecessor-version":[{"id":3828,"href":"https:\/\/menreva.com\/index.php?rest_route=\/wp\/v2\/pages\/272\/revisions\/3828"}],"wp:attachment":[{"href":"https:\/\/menreva.com\/index.php?rest_route=%2Fwp%2Fv2%2Fmedia&parent=272"}],"curies":[{"name":"wp","href":"https:\/\/api.w.org\/{rel}","templated":true}]}}