{"id":57,"date":"2015-05-13T14:26:50","date_gmt":"2015-05-13T13:26:50","guid":{"rendered":"http:\/\/menreva.com\/?page_id=57"},"modified":"2020-04-09T10:22:13","modified_gmt":"2020-04-09T09:22:13","slug":"about-us","status":"publish","type":"page","link":"https:\/\/menreva.com\/?page_id=57","title":{"rendered":"A propos"},"content":{"rendered":"<p><section data-parallax-background-speed=\"5\"  class=\"fw-main-row-custom fw-main-row-top fw-section-no-padding  fw_theme_bg_fw-custom fw-section-image auto fw-content-vertical-align-middle parallax-section fw-section-position-back tf-sh-124e2456c0a22248aebf0e70da66c73c\"  style=\" background-image:url(\/\/menreva.com\/wp-content\/uploads\/2016\/07\/Image-26-05-2016-at-19.16.jpg); background-repeat: no-repeat; background-position: center top; background-size: cover;\"  >\n\t\t<div class=\"fw-main-row-overlay fw_theme_bg_color_1\" style=\"opacity: 0.07;\"><\/div>\t<div class=\"fw-container-fluid\" >\n\t\t<div class=\"fw-row\">\n\t<div id=\"column-69e15fd889266\" class=\"fw-col-sm-12 tf-sh-c2a15f47459aa3d02e275dd1020fb494\" >\n\t<div class=\"fw-wrap-col-inner clearfix  \"   >\n\t\t\t\t<div class=\"fw-col-inner\">\n\t\t\t<div class=\"fw-heading fw-heading-center  fw-heading-with-subtitle tf-sh-10533c4c48d39c75e8a0bcdf953ea818\" >\n\t\t\t<h1 class=\"fw-special-title\">A propos de Menreva<\/h1>\n\t\n\t\n\t\t\t<div class=\"fw-special-subtitle\">Inspiration & Valeurs<\/div>\n\t<\/div>\t\t<\/div>\n\t<\/div>\n<\/div><\/div>\n\n\t<\/div>\n\t<\/section><section   class=\"fw-main-row-custom  auto fw-content-vertical-align-middle fw-section-position-back tf-sh-05634ae83f967909150e4c8fe5f4a35b\"    >\n\t\t\t<div class=\"fw-container\" >\n\t\t<div class=\"fw-row\">\n\t<div id=\"column-69e15fd889915\" class=\"fw-col-sm-3 tf-sh-5dc0e3ca54a406c1e16825483c9a9b6e  fw-animated-element\" data-animation-type=\"zoomIn\" data-animation-delay=\"300\">\n\t<div class=\"fw-wrap-col-inner clearfix  \"   >\n\t\t\t\t<div class=\"fw-col-inner\">\n\t\t\t\n\t\n\t\t<div class=\"fw-block-image-parent  fw-block-image-left\"  style=\"width: 200px; \">\n\t\t\t<span class=\"fw-block-image-child fw-ratio-2-3 fw-ratio-container\">\n\t\t\t\t<noscript itemscope itemtype=\"https:\/\/schema.org\/ImageObject\" itemprop=\"image\"><img decoding=\"async\" src=\"https:\/\/menreva.com\/wp-content\/uploads\/2016\/06\/minerva_bronze-e1467194223361.gif\"  alt=\"minerva_bronze\" data-maxdpr=\"1.7\" width=\"200\" class=\"lazyload\" \/><meta itemprop=\"url\" content=\"https:\/\/menreva.com\/wp-content\/uploads\/2016\/06\/minerva_bronze-e1467194223361.gif\"><meta itemprop=\"width\" content=\"185\"><meta itemprop=\"height\" content=\"283\"><\/noscript><img decoding=\"async\" src=\"data:image\/gif;base64,R0lGODlhAQABAIAAAAAAAP\/\/\/yH5BAEAAAAALAAAAAABAAEAAAIBRAA7\" data-sizes=\"auto\" data-srcset=\"https:\/\/menreva.com\/wp-content\/uploads\/2016\/06\/minerva_bronze-e1467194223361.gif 185w\"   alt=\"minerva_bronze\" data-maxdpr=\"1.7\" width=\"200\" class=\"lazyload\" \/>\t\t\t\t\t\t\t<\/span>\n\t\t<\/div>\n\n\t\n\t\t<\/div>\n\t<\/div>\n<\/div><div id=\"column-69e15fd88a43d\" class=\"fw-col-sm-6 tf-sh-8d7ee9bfc63bac9acf7761976407873b\" >\n\t<div class=\"fw-wrap-col-inner clearfix  \"   >\n\t\t\t\t<div class=\"fw-col-inner\">\n\t\t\t<div class=\"fw-text-box tf-sh-03ccf96131c113424a22eee3fb8deb48 \" >\n\t<div class=\"fw-text-inner\">\n\t\t<h5 style=\"text-align: left;\"><span style=\"color: #ee5c34;\"><strong>Inspiration<\/strong><\/span><\/h5>\n<p style=\"text-align: justify;\"><strong>Menrva<\/strong> est l'une des divinit\u00e9s majeure du panth\u00e9on \u00e9trusque, elle est le trait d'union entre la mythologie grecque (Ath\u00e9na) et la mythologie romaine (Minerve).<\/p>\n<p style=\"text-align: justify;\">Son animal favori est la Chouette Chev\u00eache... <strong>qui est reprise dans le logo de Menreva<\/strong><\/p>\n<p style=\"text-align: justify;\">Ses attributs sont le casque, la lance, le bouclier et l'olivier.<\/p>\n<p style=\"text-align: justify;\">Elle est surtout la d\u00e9esse des arts et de la sagesse...<\/p>\n<p style=\"text-align: justify;\"><strong>C'est ce recul et cette exp\u00e9rience que nous mettons \u00e0 votre disposition pour mener \u00e0 bien vos projets...<\/strong><\/p>\n<p>&nbsp;<\/p>\n\t<\/div>\n<\/div>\t\t<\/div>\n\t<\/div>\n<\/div><div id=\"column-69e15fd88a792\" class=\"fw-col-sm-3 tf-sh-6363087d0a9fd943d7f105731f85252b  fw-animated-element\" data-animation-type=\"zoomIn\" data-animation-delay=\"300\">\n\t<div class=\"fw-wrap-col-inner clearfix  \"   >\n\t\t\t\t<div class=\"fw-col-inner\">\n\t\t\t\n\t\n\t\t<div class=\"fw-block-image-parent  fw-block-image-right\"  style=\"width: 130px; \">\n\t\t\t<span class=\"fw-block-image-child fw-noratio fw-ratio-container\">\n\t\t\t\t<noscript itemscope itemtype=\"https:\/\/schema.org\/ImageObject\" itemprop=\"image\"><img decoding=\"async\" src=\"https:\/\/menreva.com\/wp-content\/uploads\/2016\/06\/Minerva_Etruscan_bronze-10cm.jpg\"  alt=\"Minerva_Etruscan_bronze 10cm\" data-maxdpr=\"1.7\" width=\"130\" class=\"lazyload\" \/><meta itemprop=\"url\" content=\"https:\/\/menreva.com\/wp-content\/uploads\/2016\/06\/Minerva_Etruscan_bronze-10cm.jpg\"><meta itemprop=\"width\" content=\"119\"><meta itemprop=\"height\" content=\"283\"><\/noscript><img decoding=\"async\" src=\"data:image\/gif;base64,R0lGODlhAQABAIAAAAAAAP\/\/\/yH5BAEAAAAALAAAAAABAAEAAAIBRAA7\" data-sizes=\"auto\" data-srcset=\"https:\/\/menreva.com\/wp-content\/uploads\/2016\/06\/Minerva_Etruscan_bronze-10cm.jpg\"   alt=\"Minerva_Etruscan_bronze 10cm\" data-maxdpr=\"1.7\" width=\"130\" class=\"lazyload\" \/><span class=\"fw-after-no-ratio\" style=\"padding-bottom: 237.81512605042%\"><\/span>\t\t\t\t\t\t\t<\/span>\n\t\t<\/div>\n\n\t\n\t\t<\/div>\n\t<\/div>\n<\/div><\/div>\n\n<div class=\"fw-row\">\n\t<div id=\"column-69e15fd88b0f1\" class=\"fw-col-sm-12 tf-sh-d036feda5efd8e98b295f0878137f60a\" >\n\t<div class=\"fw-wrap-col-inner clearfix  \"   >\n\t\t\t\t<div class=\"fw-col-inner\">\n\t\t\t\t<div  class=\"fw-divider tf-sh-06b3417c1fe3a3b437e5bc72bfbfbf7f  fw-divider-align-left fw-divider-full-width fw-divider-space clearfix   fw_theme_border_only_fw-custom\"  style=\"width: auto; padding-top:10px; margin-bottom:10px; \" ><\/div>\n\t\t<\/div>\n\t<\/div>\n<\/div><\/div>\n\n<div class=\"fw-row\">\n\t<div id=\"column-69e15fd88b511\" class=\"fw-col-sm-6 tf-sh-0b7a6e7b639198c9dc929aaac34a04a7\" >\n\t<div class=\"fw-wrap-col-inner clearfix  \"   >\n\t\t\t\t<div class=\"fw-col-inner\">\n\t\t\t<div class=\"fw-text-box tf-sh-208b08013d94cb257c299bf04dacd9e9 \" >\n\t<div class=\"fw-text-inner\">\n\t\t<h5><span style=\"color: #ee5c34;\"><strong>Valeurs<\/strong><\/span><\/h5>\n<p style=\"text-align: left;\">Elles sont porteuses de notre diff\u00e9renciation, adapt\u00e9es \u00e0 chaque situation et chaque \u00e9tape, exigeantes pour garantir votre confiance :<\/p>\n<ul>\n<li>Engagement fort et implication dans la dur\u00e9e,<\/li>\n<\/ul>\n<ul>\n<li>Orientations donn\u00e9es en toute clart\u00e9, ind\u00e9pendance et transparence,<\/li>\n<\/ul>\n<ul>\n<li>Adaptabilit\u00e9, aux situations et organisations, sans perdre de vue l'objectif,<\/li>\n<\/ul>\n<ul>\n<li>Humilit\u00e9 et simplicit\u00e9,<\/li>\n<\/ul>\n<ul>\n<li>Volont\u00e9 de produire et de partager avec vos \u00e9quipes.<\/li>\n<\/ul>\n\t<\/div>\n<\/div>\t\t<\/div>\n\t<\/div>\n<\/div><div id=\"column-69e15fd88b6c2\" class=\"fw-col-sm-6 tf-sh-4c8b8ac7f7653059b44c89e0d1147800  fw-animated-element\" data-animation-type=\"zoomIn\" data-animation-delay=\"300\">\n\t<div class=\"fw-wrap-col-inner clearfix  \"   >\n\t\t\t\t<div class=\"fw-col-inner\">\n\t\t\t\n\t\n\t\t<div class=\"fw-block-image-parent  fw-block-image-right\"  style=\"width: 450px; \">\n\t\t\t<span class=\"fw-block-image-child fw-ratio-3-2 fw-ratio-container\">\n\t\t\t\t<noscript itemscope itemtype=\"https:\/\/schema.org\/ImageObject\" itemprop=\"image\"><img decoding=\"async\" src=\"https:\/\/menreva.com\/wp-content\/uploads\/2016\/06\/Groupe-travail-femmes.gif\"  alt=\"Groupe-travail-femmes\" data-maxdpr=\"1.7\" width=\"450\" class=\"lazyload\" \/><meta itemprop=\"url\" content=\"https:\/\/menreva.com\/wp-content\/uploads\/2016\/06\/Groupe-travail-femmes.gif\"><meta itemprop=\"width\" content=\"850\"><meta itemprop=\"height\" content=\"568\"><\/noscript><img decoding=\"async\" src=\"data:image\/gif;base64,R0lGODlhAQABAIAAAAAAAP\/\/\/yH5BAEAAAAALAAAAAABAAEAAAIBRAA7\" data-sizes=\"auto\" data-srcset=\"https:\/\/menreva.com\/wp-content\/uploads\/2016\/06\/Groupe-travail-femmes-300x200.gif 300w, https:\/\/menreva.com\/wp-content\/uploads\/2016\/06\/Groupe-travail-femmes-768x513.gif 768w, https:\/\/menreva.com\/wp-content\/uploads\/2016\/06\/Groupe-travail-femmes-600x400.gif 600w, https:\/\/menreva.com\/wp-content\/uploads\/2016\/06\/Groupe-travail-femmes.gif 850w\"   alt=\"Groupe-travail-femmes\" data-maxdpr=\"1.7\" width=\"450\" class=\"lazyload\" \/>\t\t\t\t\t\t\t<\/span>\n\t\t<\/div>\n\n\t\n\t\t<\/div>\n\t<\/div>\n<\/div><\/div>\n\n\t<\/div>\n\t<\/section><\/p>\n","protected":false},"excerpt":{"rendered":"<p>A propos de Menreva Inspiration &#038; Valeurs Inspiration Menrva est l&rsquo;une des divinit\u00e9s majeure du panth\u00e9on \u00e9trusque, elle est le trait d&rsquo;union entre la mythologie grecque (Ath\u00e9na) et la mythologie romaine (Minerve). Son animal favori est la Chouette Chev\u00eache&#8230; qui est reprise dans le logo de Menreva Ses attributs sont le casque, la lance, le [&hellip;]<\/p>\n","protected":false},"author":1,"featured_media":0,"parent":0,"menu_order":0,"comment_status":"closed","ping_status":"closed","template":"visual-builder-template.php","meta":{"_monsterinsights_skip_tracking":false,"_monsterinsights_sitenote_active":false,"_monsterinsights_sitenote_note":"","_monsterinsights_sitenote_category":0,"footnotes":""},"class_list":["post-57","page","type-page","status-publish","hentry"],"aioseo_notices":[],"_links":{"self":[{"href":"https:\/\/menreva.com\/index.php?rest_route=\/wp\/v2\/pages\/57","targetHints":{"allow":["GET"]}}],"collection":[{"href":"https:\/\/menreva.com\/index.php?rest_route=\/wp\/v2\/pages"}],"about":[{"href":"https:\/\/menreva.com\/index.php?rest_route=\/wp\/v2\/types\/page"}],"author":[{"embeddable":true,"href":"https:\/\/menreva.com\/index.php?rest_route=\/wp\/v2\/users\/1"}],"replies":[{"embeddable":true,"href":"https:\/\/menreva.com\/index.php?rest_route=%2Fwp%2Fv2%2Fcomments&post=57"}],"version-history":[{"count":5,"href":"https:\/\/menreva.com\/index.php?rest_route=\/wp\/v2\/pages\/57\/revisions"}],"predecessor-version":[{"id":3914,"href":"https:\/\/menreva.com\/index.php?rest_route=\/wp\/v2\/pages\/57\/revisions\/3914"}],"wp:attachment":[{"href":"https:\/\/menreva.com\/index.php?rest_route=%2Fwp%2Fv2%2Fmedia&parent=57"}],"curies":[{"name":"wp","href":"https:\/\/api.w.org\/{rel}","templated":true}]}}